{"id":587,"date":"2026-03-16T09:38:07","date_gmt":"2026-03-16T09:38:07","guid":{"rendered":"https:\/\/www.hegyaljatur.hu\/?page_id=587"},"modified":"2026-03-16T09:38:08","modified_gmt":"2026-03-16T09:38:08","slug":"munkavedelem","status":"publish","type":"page","link":"https:\/\/www.hegyaljatur.hu\/?page_id=587","title":{"rendered":"Munkav\u00e9delem"},"content":{"rendered":"\n<p>Munkav\u00e9delmi szaktan\u00e1csad\u00e1s &#8211; munkav\u00e9delmi k\u00e9pvisel\u0151 k\u00e9pz\u00e9s<\/p>\n\n\n\n<p><\/p>\n","protected":false},"excerpt":{"rendered":"<p>Munkav\u00e9delmi szaktan\u00e1csad\u00e1s &#8211; munkav\u00e9delmi k\u00e9pvisel\u0151 k\u00e9pz\u00e9s<\/p>\n","protected":false},"author":1,"featured_media":0,"parent":0,"menu_order":0,"comment_status":"closed","ping_status":"closed","template":"","meta":{"_monsterinsights_skip_tracking":false,"_monsterinsights_sitenote_active":false,"_monsterinsights_sitenote_note":"","_monsterinsights_sitenote_category":0,"footnotes":""},"class_list":["post-587","page","type-page","status-publish","hentry"],"yoast_head":"<!-- This site is optimized with the Yoast SEO plugin v23.5 - https:\/\/yoast.com\/wordpress\/plugins\/seo\/ -->\n<title>Munkav\u00e9delem - HEGYALJA-TUR Kft.<\/title>\n<meta name=\"robots\" content=\"index, follow, max-snippet:-1, max-image-preview:large, max-video-preview:-1\" \/>\n<link rel=\"canonical\" href=\"https:\/\/www.hegyaljatur.hu\/?page_id=587\" \/>\n<meta property=\"og:locale\" content=\"hu_HU\" \/>\n<meta property=\"og:type\" content=\"article\" \/>\n<meta property=\"og:title\" content=\"Munkav\u00e9delem - HEGYALJA-TUR Kft.\" \/>\n<meta property=\"og:description\" content=\"Munkav\u00e9delmi szaktan\u00e1csad\u00e1s &#8211; munkav\u00e9delmi k\u00e9pvisel\u0151 k\u00e9pz\u00e9s\" \/>\n<meta property=\"og:url\" content=\"https:\/\/www.hegyaljatur.hu\/?page_id=587\" \/>\n<meta property=\"og:site_name\" content=\"HEGYALJA-TUR Kft.\" \/>\n<meta property=\"article:modified_time\" content=\"2026-03-16T09:38:08+00:00\" \/>\n<meta name=\"twitter:card\" content=\"summary_large_image\" \/>\n<meta name=\"twitter:label1\" content=\"Becs\u00fclt olvas\u00e1si id\u0151\" \/>\n\t<meta name=\"twitter:data1\" content=\"1 perc\" \/>\n<script type=\"application\/ld+json\" class=\"yoast-schema-graph\">{\"@context\":\"https:\/\/schema.org\",\"@graph\":[{\"@type\":\"WebPage\",\"@id\":\"https:\/\/www.hegyaljatur.hu\/?page_id=587\",\"url\":\"https:\/\/www.hegyaljatur.hu\/?page_id=587\",\"name\":\"Munkav\u00e9delem - HEGYALJA-TUR Kft.\",\"isPartOf\":{\"@id\":\"https:\/\/www.hegyaljatur.hu\/#website\"},\"datePublished\":\"2026-03-16T09:38:07+00:00\",\"dateModified\":\"2026-03-16T09:38:08+00:00\",\"breadcrumb\":{\"@id\":\"https:\/\/www.hegyaljatur.hu\/?page_id=587#breadcrumb\"},\"inLanguage\":\"hu\",\"potentialAction\":[{\"@type\":\"ReadAction\",\"target\":[\"https:\/\/www.hegyaljatur.hu\/?page_id=587\"]}]},{\"@type\":\"BreadcrumbList\",\"@id\":\"https:\/\/www.hegyaljatur.hu\/?page_id=587#breadcrumb\",\"itemListElement\":[{\"@type\":\"ListItem\",\"position\":1,\"name\":\"Home\",\"item\":\"https:\/\/www.hegyaljatur.hu\/\"},{\"@type\":\"ListItem\",\"position\":2,\"name\":\"Munkav\u00e9delem\"}]},{\"@type\":\"WebSite\",\"@id\":\"https:\/\/www.hegyaljatur.hu\/#website\",\"url\":\"https:\/\/www.hegyaljatur.hu\/\",\"name\":\"HEGYALJA-TUR Kft.\",\"description\":\"\",\"publisher\":{\"@id\":\"https:\/\/www.hegyaljatur.hu\/#organization\"},\"potentialAction\":[{\"@type\":\"SearchAction\",\"target\":{\"@type\":\"EntryPoint\",\"urlTemplate\":\"https:\/\/www.hegyaljatur.hu\/?s={search_term_string}\"},\"query-input\":{\"@type\":\"PropertyValueSpecification\",\"valueRequired\":true,\"valueName\":\"search_term_string\"}}],\"inLanguage\":\"hu\"},{\"@type\":\"Organization\",\"@id\":\"https:\/\/www.hegyaljatur.hu\/#organization\",\"name\":\"HEGYALJA-TUR Kft.\",\"url\":\"https:\/\/www.hegyaljatur.hu\/\",\"logo\":{\"@type\":\"ImageObject\",\"inLanguage\":\"hu\",\"@id\":\"https:\/\/www.hegyaljatur.hu\/#\/schema\/logo\/image\/\",\"url\":\"https:\/\/www.hegyaljatur.hu\/wp-content\/uploads\/2022\/05\/hegy-e1700392011301.jpg\",\"contentUrl\":\"https:\/\/www.hegyaljatur.hu\/wp-content\/uploads\/2022\/05\/hegy-e1700392011301.jpg\",\"width\":110,\"height\":122,\"caption\":\"HEGYALJA-TUR Kft.\"},\"image\":{\"@id\":\"https:\/\/www.hegyaljatur.hu\/#\/schema\/logo\/image\/\"}}]}<\/script>\n<!-- \/ Yoast SEO plugin. -->","yoast_head_json":{"title":"Munkav\u00e9delem - HEGYALJA-TUR Kft.","robots":{"index":"index","follow":"follow","max-snippet":"max-snippet:-1","max-image-preview":"max-image-preview:large","max-video-preview":"max-video-preview:-1"},"canonical":"https:\/\/www.hegyaljatur.hu\/?page_id=587","og_locale":"hu_HU","og_type":"article","og_title":"Munkav\u00e9delem - HEGYALJA-TUR Kft.","og_description":"Munkav\u00e9delmi szaktan\u00e1csad\u00e1s &#8211; munkav\u00e9delmi k\u00e9pvisel\u0151 k\u00e9pz\u00e9s","og_url":"https:\/\/www.hegyaljatur.hu\/?page_id=587","og_site_name":"HEGYALJA-TUR Kft.","article_modified_time":"2026-03-16T09:38:08+00:00","twitter_card":"summary_large_image","twitter_misc":{"Becs\u00fclt olvas\u00e1si id\u0151":"1 perc"},"schema":{"@context":"https:\/\/schema.org","@graph":[{"@type":"WebPage","@id":"https:\/\/www.hegyaljatur.hu\/?page_id=587","url":"https:\/\/www.hegyaljatur.hu\/?page_id=587","name":"Munkav\u00e9delem - HEGYALJA-TUR Kft.","isPartOf":{"@id":"https:\/\/www.hegyaljatur.hu\/#website"},"datePublished":"2026-03-16T09:38:07+00:00","dateModified":"2026-03-16T09:38:08+00:00","breadcrumb":{"@id":"https:\/\/www.hegyaljatur.hu\/?page_id=587#breadcrumb"},"inLanguage":"hu","potentialAction":[{"@type":"ReadAction","target":["https:\/\/www.hegyaljatur.hu\/?page_id=587"]}]},{"@type":"BreadcrumbList","@id":"https:\/\/www.hegyaljatur.hu\/?page_id=587#breadcrumb","itemListElement":[{"@type":"ListItem","position":1,"name":"Home","item":"https:\/\/www.hegyaljatur.hu\/"},{"@type":"ListItem","position":2,"name":"Munkav\u00e9delem"}]},{"@type":"WebSite","@id":"https:\/\/www.hegyaljatur.hu\/#website","url":"https:\/\/www.hegyaljatur.hu\/","name":"HEGYALJA-TUR Kft.","description":"","publisher":{"@id":"https:\/\/www.hegyaljatur.hu\/#organization"},"potentialAction":[{"@type":"SearchAction","target":{"@type":"EntryPoint","urlTemplate":"https:\/\/www.hegyaljatur.hu\/?s={search_term_string}"},"query-input":{"@type":"PropertyValueSpecification","valueRequired":true,"valueName":"search_term_string"}}],"inLanguage":"hu"},{"@type":"Organization","@id":"https:\/\/www.hegyaljatur.hu\/#organization","name":"HEGYALJA-TUR Kft.","url":"https:\/\/www.hegyaljatur.hu\/","logo":{"@type":"ImageObject","inLanguage":"hu","@id":"https:\/\/www.hegyaljatur.hu\/#\/schema\/logo\/image\/","url":"https:\/\/www.hegyaljatur.hu\/wp-content\/uploads\/2022\/05\/hegy-e1700392011301.jpg","contentUrl":"https:\/\/www.hegyaljatur.hu\/wp-content\/uploads\/2022\/05\/hegy-e1700392011301.jpg","width":110,"height":122,"caption":"HEGYALJA-TUR Kft."},"image":{"@id":"https:\/\/www.hegyaljatur.hu\/#\/schema\/logo\/image\/"}}]}},"_links":{"self":[{"href":"https:\/\/www.hegyaljatur.hu\/index.php?rest_route=\/wp\/v2\/pages\/587"}],"collection":[{"href":"https:\/\/www.hegyaljatur.hu\/index.php?rest_route=\/wp\/v2\/pages"}],"about":[{"href":"https:\/\/www.hegyaljatur.hu\/index.php?rest_route=\/wp\/v2\/types\/page"}],"author":[{"embeddable":true,"href":"https:\/\/www.hegyaljatur.hu\/index.php?rest_route=\/wp\/v2\/users\/1"}],"replies":[{"embeddable":true,"href":"https:\/\/www.hegyaljatur.hu\/index.php?rest_route=%2Fwp%2Fv2%2Fcomments&post=587"}],"version-history":[{"count":1,"href":"https:\/\/www.hegyaljatur.hu\/index.php?rest_route=\/wp\/v2\/pages\/587\/revisions"}],"predecessor-version":[{"id":588,"href":"https:\/\/www.hegyaljatur.hu\/index.php?rest_route=\/wp\/v2\/pages\/587\/revisions\/588"}],"wp:attachment":[{"href":"https:\/\/www.hegyaljatur.hu\/index.php?rest_route=%2Fwp%2Fv2%2Fmedia&parent=587"}],"curies":[{"name":"wp","href":"https:\/\/api.w.org\/{rel}","templated":true}]}}